 is divided by 12?
11
Let x = 546 - 524. Suppose t = -7 + x. Calculate the remainder when 178 is divided by t.
13
Let h(w) = 251*w**3 - 2*w**2 - 4*w - 3. Let z be h(-1). Let r(q) = -371*q + 1. Let l be r(1). Let y = z - l. Calculate the remainder when y is divided by 31.
25
Suppose 0 = o, -2*z + 3*o - 2448 = -6*z. Let h = -590 + z. What is the remainder when 46 is divided by h?
2
What is the remainder when 33 is divided by (-6)/(-1) - ((-3 - 20) + 3)?
7
Suppose -32*t + 44*t = -5448. Let u = -404 - t. What is the remainder when u is divided by 18?
14
Let m(y) = -36*y - 100. Let d be m(-3). Suppose -3*o = d*q - 3*q - 108, -4*q - 50 = -2*o. Calculate the remainder when 40 is divided by o.
9
Let t(w) = -w**2 + 2297*w - 20545. Let y = 1016 - 595. Calculate the remainder when y is divided by t(9).
45
Let p(y) = 32*y + 2. Let m be p(0). Suppose f = -2*q + 22, 0 = -m*q - 3*f + 15 + 7. What is the remainder when 98 is divided by q?
10
Let q = 4415 + -1687. What is the remainder when q is divided by 21?
19
Let c be (-17)/(1*-1) - (-50)/(-25). Let y = 27 - c. What is the remainder when 54 is divided by y?
6
Suppose 0*a = -4*a + 416. Calculate the remainder when ((0 - 4) + 6*808/(-24))*-1 is divided by a.
102
Suppose 17*o + 65*o - 7*o - 6825 = 0. What is the remainder when 5003 is divided by o?
89
Let x = 189 + -158. Suppose 0 = 5*d - 2 - 3, -3*d + 204 = 3*o. What is the remainder when o is divided by x - (-2)/(8/12)?
33
Suppose 3*s - 543 = -3*q + q, s = 2*q - 523. Calculate the remainder when q is divided by 262.
2
Let g = 11980 - 10991. What is the remainder when g is divided by 199?
193
Suppose -x + 62 = 2*y - 5*x, 4*y - 5*x - 118 = 0. Let b(c) = 7891*c + 47721. Calculate the remainder when b(-6) is divided by y.
24
Let n = 30316 + -30307. Let w(f) = 11*f**2 + 2*f + 2. What is the remainder when w(-2) is divided by n?
6
Suppose 4*k + 20 = 3*n - n, 4*k + 24 = 3*n. Let p(o) = -31*o. Calculate the remainder when p(k) is divided by 1/4*-1*-304*(-31)/(-124).
17
Let j = -32 - -48. What is the remainder when (-56)/42 - (-426)/9 is divided by j?
14
Suppose 38*l - 49*l + 5137 = 0. What is the remainder when l is divided by 107?
39
Suppose 2575*l + 4998 = 2617*l. What is the remainder when 386 is divided by l?
29
Suppose -3*u - 1 + 10 = 0. Let s(j) = -3 + 1 - u - 3*j**2 + 2*j**3 - 1 - 3*j. Calculate the remainder when s(4) is divided by 34.
28
Suppose -4*w + 2 = -2*w. Let f be (-4 - -7 - w)/1. Suppose 13 = f*c - 15. What is the remainder when 46 is divided by c?
4
Let l(k) = 2*k**3 + 0*k**3 - 33 - 2*k - k + k**3 - 7*k**2 - 4*k**3. Calculate the remainder when 117 is divided by l(-8).
7
Let n be (-570)/(-25)*420/18. Suppose -4*t = -32*t + n. What is the remainder when t is divided by 10?
9
Let s(y) = 3*y**3 + 54*y**2 + 155*y - 3. What is the remainder when s(-14) is divided by 18?
17
Let k = -4761 - -4803. Calculate the remainder when 672 is divided by k.
0
Calculate the remainder when (-6)/(-51) + (-9515)/(-187) is divided by 30 + (-4 + 5)*-2.
23
Suppose 8*f - 205 = 139. Let b = f + 7. Suppose 0 = -b*d + 55*d - 90. Calculate the remainder when 106 is divided by d.
16
Suppose -17 = -5*t + 3. Suppose 2 + t = -2*h. Calculate the remainder when 114 is divided by h*(-10)/(-15) - -31.
27
Let o = 2932 - 2894. Calculate the remainder when 52 is divided by o.
14
Let m(l) = l**2 - 12*l + 15. Let h be m(11). Suppose h*v = u - 5*u - 16, -4*u - 8 = 3*v. Let p = v - -30. Calculate the remainder when p is divided by 8.
6
Suppose 2*a + 34 = 158. Let z = 35 - 26. Let m(f) = f**3 - 8*f**2 - 7*f + 3. What is the remainder when a is divided by m(z)?
20
Let w be ((-289311)/6)/(-11) + 2/4. Suppose w = 20*l + 504. Calculate the remainder when l is divided by 49.
47
Suppose 111*l = 116*l. Suppose l = 2*g + 210 - 226. Calculate the remainder when -3 + (-18)/(-3) + 36 is divided by g.
7
Suppose 3*k - 4169 = -5*u, -2*u - 85*k + 80*k = -1641. What is the remainder when u is divided by 414?
10
Suppose -165 = -3*h - 45. Let v = -1 + h. Calculate the remainder when v is divided by (-28)/(-8)*30/7.
9
Let i = 42 - 10. Let d(f) = f**2 + 5*f - 48. Suppose 10 = -2*y, -19*c - 3*y = -23*c - 37. What is the remainder when d(c) is divided by i?
24
Let b(h) = 8*h**2 - 8*h + 2. Let a be b(2). Let o be -6*(1 + -2 - a/(-12)). What is the remainder when 42 is divided by ((-3 - (-5)/1) + o)*-9?
6
Suppose 3*d - 4*o = -2*d - 86, 0 = -4*d + o - 60. What is the remainder when 39 is divided by (-1 - 242/d) + (-98)/343?
7
Let n = -27 + 34. Let w = n + 13. Suppose -60 = -3*i - 51. Calculate the remainder when w is divided by i.
2
Let h = 598 - 324. Suppose 8*t - h = 310. Calculate the remainder when t is divided by 26.
21
Let d = 2424 + -2417. Let f(k) = -2 - 3*k**2 + 6 + 0 + 2*k**3 - 2*k. What is the remainder when f(3) is divided by d?
4
Let c = -1171 - -1239. Calculate the remainder when 210 is divided by c.
6
Suppose -5*u = 45, 212*u - 217*u + 2127 = 2*x. Calculate the remainder when 3284 is divided by x.
26
Suppose 24*m - 50*m = -1274. Calculate the remainder when 431 is divided by m.
39
Suppose 0 = 20*l + z - 791, l + z + 2 = 52. Suppose -2*c + 5*p + 184 = -9, -4*c - 4*p = -428. What is the remainder when c is divided by l?
26
Let h = 2436 - 951. Suppose 5*k + 145 = h. Calculate the remainder when k is divided by 18.
16
Let o(b) = -b**3 - 15*b**2 + 34*b + 5. Suppose 0 = 3*m + 5*m. Let p(x) = x**2 + 4*x - 17. Let u be p(m). What is the remainder when 22 is divided by o(u)?
2
Suppose -342 = -4*o + 3*t - 115, 2*o - 5*t = 103. Let x = -1299 - -1411. Calculate the remainder when x is divided by o.
53
Let z(x) = 30*x**3 + 8*x**2 + 2*x + 16. Let n(k) = k**3 + k**2 + k + 3. Let s(r) = -5*n(r) + z(r). What is the remainder when s(1) is divided by 7?
5
Suppose 6*d - 60 = -48. Suppose 8*r + 4*i = 4*r + 724, -d*r + 3*i = -377. Calculate the remainder when r is divided by 19.
13
What is the remainder when (5/(-15))/((-6)/9*(-8)/(-6896)) is divided by 138?
17
Suppose 3*l - 40 = 23. Let x = 25 - l. Suppose -x*o + 190 = 5*t, -66 = 3*o - 3*t - 195. What is the remainder when o is divided by 13?
6
Let f be (-72)/3*-4*(-4)/(-48). Suppose 6*s + f = 7*s. Suppose 5*z + 20 = 0, 0*b = 4*b + 2*z - 52. Calculate the remainder when b is divided by s.
7
Let a(t) = 113*t - 169. What is the remainder when 494 is divided by a(3)?
154
Let a = 203 + -186. Let q(k) = -47*k**3 + 2*k**2 - 3. What is the remainder when q(-1) is divided by a?
12
Let p = 2479 - 2366. What is the remainder when 1680 is divided by p?
98
Let z = -18 - -26. Suppose 2 = 3*c - 7. What is the remainder when -12*(z/(-36))/(6/9) is divided by c?
1
Suppose -b + 44 = 5*u, u - 60 = -18*b + 17*b. What is the remainder when 831 is divided by b?
63
Let h = 10 + -13. Let w(p) = -15*p + 4. Let b = -193 + 210. What is the remainder when w(h) is divided by b?
15
Suppose 2*i - 78 = -2*n, 113 = 4*i - i + n. Let q be (1 - 22)/((-48)/4 - -9). Suppose q*v - i = 208. What is the remainder when 98 is divided by v?
28
Suppose -34 - 22 = -14*k. Suppose -3*t - k*d + 140 = 0, 0 = 2*t - 2*d - 75 - 9. Calculate the remainder when t is divided by 16.
12
Let u = 22872 - 22298. Calculate the remainder when u is divided by 144.
142
What is the remainder when 161 is divided by 15456/1568 - 6/7?
8
Let s(x) = 15*x + 13. Let k be s(0). Suppose g + k = 4*c, 10*g = c + 11*g - 2. What is the remainder when 11 is divided by c?
2
Let p(g) = g**3 + 12*g**2 + 28*g + 65. Calculate the remainder when 1340 is divided by p(-9).
52
Suppose -7*k = 5*k - 20*k + 712. Calculate the remainder when 1684 is divided by k.
82
Let k = -238 - -180. Let c = 87 + k. Calculate the remainder when c is divided by 5.
4
Calculate the remainder when (-129)/(-33) + (-9)/(-99) + 562 is divided by 149.
119
Suppose 823*b - 10344 = 392*b. Suppose 5*c + 195 = 5*g, 5*g + c - 195 = -c. Calculate the remainder when g is divided by b.
15
Suppose -2*l + c + 3 = -4*l, 3*l = -c - 2. Suppose 5*q - 35 = -5*w, 2*q + 2*q - 2*w = 40. What is the remainder when 74 is divided by (l + (-66)/q)*-3?
17
Calculate the remainder when 2525 is divided by 7*(2 + -1*(2 - 1)).
5
Let x = -1152 + 1496. Calculate the remainder when x is divided by 116.
112
Let l(s) be the second derivative of 3*s**3/2 + 127*s**2/2 + 7*s - 3. Calculate the remainder when l(-10) 